ive i(-3).
-44
Let m(p) = 2*p**3 - 52*p**2 + 60*p - 187. Give m(25).
63
Let i(x) = 13*x**2 + 90*x - 495. What is i(6)?
513
Let t(o) = 91*o + 315. Give t(-3).
42
Let j(y) = -y**2 - 472*y - 3239. Give j(-7).
16
Let b(p) = -221*p + 7540. Calculate b(34).
26
Let m(s) = 2*s**2 - 51*s + 172. What is m(4)?
0
Let m(n) = -n**2 - 25*n + 51. Give m(-27).
-3
Let p(l) = 399*l + 115. Calculate p(-1).
-284
Let b(k) = 2*k**3 - 48*k**2 - 54*k + 30. Give b(25).
-70
Let l(i) = -i**3 - 13*i**2 - 3*i - 28. What is l(-13)?
11
Let m(q) = -2*q**3 + 5*q**2 + 22*q - 36. Give m(7).
-323
Let n(g) = 274*g - 1359. Give n(5).
11
Let z(r) = 12*r**2 + 201*r + 45. Determine z(-15).
-270
Let m(s) = -s**2 - 24*s + 20. Calculate m(0).
20
Let g(k) = -261*k + 16711. What is g(64)?
7
Let q(o) = 1231*o + 6159. Determine q(-5).
4
Let q(z) = 37*z**2 + 2513*z - 234. Give q(-68).
-30
Let n(x) = 8*x**2 - 28*x - 429. Give n(9).
-33
Let n(s) = -s**3 - 29*s**2 - 218*s + 8. Calculate n(-13).
138
Let b(w) = -16*w**2 - 28*w + 70. What is b(2)?
-50
Let m(w) = w**3 + 55*w**2 + 597*w - 124. Give m(-40).
-4
Let c(z) = 7*z**2 - 74*z + 15. Calculate c(10).
-25
Let m(u) = -u**3 - 184*u**2 - 368*u - 759. Determine m(-182).
-31
Let j(s) = -s**3 + 11*s**2 + s - 4. Determine j(11).
7
Let b(r) = r**2 + 73*r - 8329. What is b(-135)?
41
Let n(r) = r**2 - 41*r + 93. Calculate n(36).
-87
Let n(w) = -w**3 + 145*w**2 - 1126*w + 4125. What is n(137)?
15
Let y(p) = -2*p**3 - 4*p**2 + 124*p - 19. Give y(-9).
-1
Let f(m) = 26*m**2 - 163*m + 32. What is f(6)?
-10
Let c(l) = -l**3 - 9*l**2 - 22*l - 138. Determine c(-8).
-26
Let j(x) = 9*x + 319. What is j(-26)?
85
Let m(j) = -j**2 - j + 7. Calculate m(4).
-13
Let b(s) = -3*s**3 - 35*s**2 + 6*s - 60. Give b(-12).
12
Let p(h) = -8*h**2 + 31*h - 3. What is p(6)?
-105
Let d(o) = -2713*o + 2781. What is d(1)?
68
Let u(j) = 2*j**3 + 10*j**2 - 5*j - 56. Determine u(-4).
-4
Let y(q) = -1362*q**2 + 51756*q - 6. Give y(38).
-6
Let n(c) = -214*c - 5979. Determine n(-28).
13
Let n(w) = 6*w**3 + 1067*w**2 + 883*w - 348. Determine n(-177).
6
Let b(m) = -6*m**2 + 107*m + 133. Give b(19).
0
Let t(r) = -r**3 + 7*r**2 - 81*r + 271. Determine t(4).
-5
Let d(k) = 46*k**2 - 325*k + 19. Give d(7).
-2
Let u(m) = 5*m + 149. Give u(24).
269
Let j(i) = 3*i**2 - 70*i - 13608. Determine j(80).
-8
Let z(o) = -o**3 - 8*o**2 + 19*o - 340. What is z(-12)?
8
Let x(q) = q**3 + 20*q**2 - 71*q - 100. Calculate x(4).
0
Let c(a) = 240*a + 189. Give c(0).
189
Let c(n) = -59*n - 588. What is c(-10)?
2
Let b(u) = 2*u**3 + 22*u**2 + 85*u + 190. What is b(-7)?
-13
Let z(b) = 126*b - 880. What is z(7)?
2
Let x(w) = -24*w + 4729. Calculate x(196).
25
Let n(h) = h**3 - 5*h**2 - 2*h - 4. Give n(-4).
-140
Let m(q) = -282*q + 580. Determine m(2).
16
Let s(k) = -101*k**2 + 920*k - 1. Give s(9).
98
Let v(q) = q**3 + 28*q**2 + 15*q - 80. What is v(-27)?
244
Let i(g) = -5*g**3 + 16*g**2 + 4*g - 7. Calculate i(4).
-55
Let c(h) = 3983*h - 11943. Give c(3).
6
Let u(h) = 214*h - 1276. What is u(6)?
8
Let o(a) = 17*a + 676. Determine o(-41).
-21
Let j(g) = g**3 + 3*g**2 - 120*g - 604. Give j(-8).
36
Let j(z) = -109*z - 3262. What is j(-30)?
8
Let v(h) = 2*h**2 + 32*h + 106. Give v(-11).
-4
Let q(y) = 11*y**3 + 2*y + 1. Give q(2).
93
Let n(y) = -8*y**2 - 60*y + 180. What is n(-11)?
-128
Let c(j) = -36*j - 254. What is c(-18)?
394
Let a(z) = 2*z**3 + 51*z**2 - 93*z - 308. Calculate a(-27).
16
Let n(k) = 3*k - 145. Determine n(15).
-100
Let h(b) = 33*b**2 - 168*b - 8. Determine h(5).
-23
Let i(f) = f**3 + 58*f**2 + 118*f + 346. What is i(-56)?
10
Let c(d) = -25*d + 67. Calculate c(3).
-8
Let g(o) = -o**3 + 46*o**2 + 95*o - 14. Determine g(48).
-62
Let d(s) = -4*s**2 + 132*s - 154. Give d(32).
-26
Let u(q) = 2*q**2 - 26*q - 457. What is u(-10)?
3
Let o(p) = 16*p**2 - 389*p + 133. Calculate o(24).
13
Let r(s) = 11*s**2 + 2*s - 11. Calculate r(3).
94
Let x(a) = -a**2 + 88*a + 463. Calculate x(93).
-2
Let g(t) = 20*t**2 - 51*t + 10. Give g(4).
126
Let t(d) = d**2 - 149*d - 2862. What is t(-17)?
-40
Let q(n) = 4*n**3 - 5*n**2 - 9*n + 21. Determine q(4).
161
Let h(v) = 2*v**3 - 186*v**2 + 4309*v + 144. Give h(49).
-3
Let d(z) = 2*z**2 - 26*z - 135. Give d(17).
1
Let v(r) = 19*r**3 + 1756*r**2 - 1754*r - 2. Give v(1).
19
Let c(p) = p**3 - 78*p**2 + 605*p + 144. What is c(9)?
0
Let u(k) = 24*k - 310. Determine u(16).
74
Let n(f) = 846*f + 210. What is n(0)?
210
Let u(q) = q**3 - 2*q**2 - 83*q + 346. What is u(8)?
66
Let x(j) = j**3 + 33*j**2 - 70*j + 69. What is x(-35)?
69
Let r(i) = -72*i**2 - 659*i - 76. Give r(-9).
23
Let r(p) = 29*p - 3049. Give r(105).
-4
Let a(r) = -r**3 - 27*r**2 + 62*r + 2. Give a(2).
10
Let x(i) = i**3 + 6*i**2 - 10*i - 9. Calculate x(-3).
48
Let k(h) = 42*h - 338. Give k(7).
-44
Let x(f) = -f**2 - 30*f - 5. Calculate x(-14).
219
Let n(g) = -4090*g - 69518. Give n(-17).
12
Let u(a) = -a**3 - 10*a**2 + 15*a - 20. Give u(-11).
-64
Let i(m) = 14*m**3 - 5*m**2 + 5*m + 4. Give i(2).
106
Let p(n) = -n**3 - 11*n**2 - 5*n + 71. Calculate p(-10).
21
Let t(z) = -10*z + 2. Give t(1).
-8
Let z(a) = -2*a**2 - 39*a - 12. Calculate z(-23).
-173
Let k(l) = l**3 + 280*l**2 + 1662*l + 94. Calculate k(-6).
-14
Let b(i) = 64*i**2 - 372*i - 4. What is b(6)?
68
Let d(n) = -103*n + 4124. What is d(40)?
4
Let r(s) = -16*s - 243. Give r(-11).
-67
Let j(n) = n**3 + 9*n**2 + n + 41. Calculate j(-9).
32
Let o(t) = -t - 100. Calculate o(-39).
-61
Let p(f) = -3*f**3 - f**2 + 50*f + 21. Give p(4).
13
Let r(a) = -144*a - 140. Calculate r(-2).
148
Let r(u) = u**3 + u**2 - 12*u - 40. What is r(4)?
-8
Let b(o) = o**3 + 18*o**2 + 19*o - 6. Determine b(-17).
-40
Let w(v) = v**2 + 6*v + 41. Determine w(11).
228
Let g(v) = v**3 + 4*v**2 - 19*v - 60. Calculate g(-5).
10
Let t(m) = -m**2 - 31*m + 30. Give t(-31).
30
Let j(s) = -58*s - 387. Give j(-7).
19
Let g(f) = 9*f**2 + 20*f + 43. Calculate g(-4).
107
Let s(g) = -6*g**3 - 8. Determine s(3).
-170
Let y(g) = 3*g**3 + 119*g**2 + 320*g + 14406. Calculate y(-40).
6
Let d(j) = 13*j**2 - 207*j - 39. What is d(16)?
-23
Let d(f) = 14*f**2 - 39*f - 99. Calculate d(-2).
35
Let r(j) = 37*j + 9. Give r(4).
157
Let l(m) = 535*m - 1235. What is l(3)?
370
Let q(o) = -o**3 + 137*o**2 - 2143*o + 122. Give q(119).
3
Let p(t) = 3*t**2 + 19*t - 77. Calculate p(-10).
33
Let k(s) = -21*s**2 - 7781*s - 4077. What is k(-370)?
-7
Let j(x) = 7*x - 28. What is j(-4)?
-56
Let h(c) = -7*c**2 - 513*c + 102. Determine h(-74).
-268
Let j(c) = 2*c + 18. Calculate j(0).
18
Let b(c) = -2*c**3 + 19*c**2 + 1665*c + 43. Determine b(34).
9
Let c(p) = 7*p**2 + 299*p - 2549. Calculate c(-50).
1
Let l(g) = 4*g**2 - 44*g - 11. What is l(9)?
-83
Let h(d) = 17*d**2 - 262*d - 150. What is h(16)?
10
Let a(d) = -d**2 + 58*d + 580. Calculate a(-9).
-23
Let l(g) = -3*g**2 + 124*g - 1100. Determine l(13).
5
Let g(a) = -a**3 - 3*a**2 + 205*a + 1325. Calculate g(-8).
5
Let i(d) = 8*d**3 - 258*d**2 + 57*d + 73. Calculate i(32).
-151
Let b(l) = -3*l**2 - 150*l - 475. Give b(-47).
-52
Let a(d) = -51*d**2 + 256*d - 3. What is a(5)?
2
Let z(y) = y**3 - 8*y**2 - 45*y - 37. Give z(12).
-1
Let f(t) = -244*t - 4410. Give f(-18).
-18
Let w(u) = -141*u + 15377. Determine w(109).
8
Let b(z) = -13*z**2 - 102*z + 25. What is b(-8)?
9
Let u(t) = -9*t - 2. What is u(0)?
-2
Let k(i) = 75*i + 557. What is k(-8)?
-43
Let a(n) = -157*n**2 + 45*n - 4. Give a(-1).
-206
Let m(c) = -4*c**3 - 36*c**2 - 10*c + 15. Determine m(-8).
-161
Let q(v) = 456*v**3 + 24*v**2 - 22*v - 2. Determine q(1).
456
Let v(q) = -16*q**2 + 329*q - 738. Give v(18).
0
Let y(x) = -70*x**2 - 421*x - 5. Calculate y(-6).
1
Let v(t) = 6*t**3 - t**2 + 14*t - 26. What is v(4)?
398
Let g(j) = -j**3 - 6*j**2 + 17*j - 1. Determine g(-7).
-71
Let c(p) = 6*p**3 - 145*p**2 + 26*p - 77. Determine c(24).
-29
Let w(m) = -8*m**3 - 16*m**2 - 15*m + 21. Calculate w(-2).
51
Let z(u) = -589*u + 31223. Determine z(53).
6
Let z(t) = t**3 + 2*t**2 + 2*t - 7. Determine z(1).
-2
Let b(x) = x**3 + 23*x**2 - 121*x - 55. What is b(5)?
40
Let i(v) = 3*v**3 + 3*v**2 - 12*v + 3. Determine i(0).
3
Let w(t) = 10018*t + 20026. Determine w(-2).
-10
Let u(c) = c**2 + 141*c - 427. Give u(3).
5
Let i(l) = -11*l**3 + 2*l**2 + 35*l - 113. What is i(3)?
-287
Let w(l) = -l**3 - 52*l**2 + 120*l + 624. Calculate w(-54).
-24
Let t(g) = -g